{"id":59797,"date":"2023-10-12T09:54:42","date_gmt":"2023-10-12T08:54:42","guid":{"rendered":"http:\/\/rpi-lacharmee.fr\/?page_id=59797"},"modified":"2025-11-03T10:53:48","modified_gmt":"2025-11-03T09:53:48","slug":"representantes-des-parents-deleves","status":"publish","type":"page","link":"https:\/\/rpi-lacharmee.fr\/?page_id=59797","title":{"rendered":"Repr\u00e9sentantes des Parents d&rsquo;\u00e9l\u00e8ves"},"content":{"rendered":"<div class=\"members-access-error\">\n<p class=\"restricted\">Sorry, but you do not have permission to view this content.<\/p>\n<\/div>\n","protected":false},"excerpt":{"rendered":"<div class=\"members-access-error\">\n<p class=\"restricted\">Sorry, but you do not have permission to view this content.<\/p>\n<\/div>\n","protected":false},"author":1,"featured_media":0,"parent":0,"menu_order":0,"comment_status":"closed","ping_status":"closed","template":"","meta":{"_acf_changed":false,"_mc_calendar":[],"footnotes":""},"class_list":["post-59797","page","type-page","status-publish","hentry"],"acf":[],"_links":{"self":[{"href":"https:\/\/rpi-lacharmee.fr\/index.php?rest_route=\/wp\/v2\/pages\/59797","targetHints":{"allow":["GET"]}}],"collection":[{"href":"https:\/\/rpi-lacharmee.fr\/index.php?rest_route=\/wp\/v2\/pages"}],"about":[{"href":"https:\/\/rpi-lacharmee.fr\/index.php?rest_route=\/wp\/v2\/types\/page"}],"author":[{"embeddable":true,"href":"https:\/\/rpi-lacharmee.fr\/index.php?rest_route=\/wp\/v2\/users\/1"}],"replies":[{"embeddable":true,"href":"https:\/\/rpi-lacharmee.fr\/index.php?rest_route=%2Fwp%2Fv2%2Fcomments&post=59797"}],"version-history":[{"count":20,"href":"https:\/\/rpi-lacharmee.fr\/index.php?rest_route=\/wp\/v2\/pages\/59797\/revisions"}],"predecessor-version":[{"id":78654,"href":"https:\/\/rpi-lacharmee.fr\/index.php?rest_route=\/wp\/v2\/pages\/59797\/revisions\/78654"}],"wp:attachment":[{"href":"https:\/\/rpi-lacharmee.fr\/index.php?rest_route=%2Fwp%2Fv2%2Fmedia&parent=59797"}],"curies":[{"name":"wp","href":"https:\/\/api.w.org\/{rel}","templated":true}]}}