{"id":70858,"date":"2022-07-15T15:07:00","date_gmt":"2022-07-15T14:07:00","guid":{"rendered":"http:\/\/rpi-lacharmee.fr\/?page_id=70858"},"modified":"2024-12-26T20:53:28","modified_gmt":"2024-12-26T19:53:28","slug":"sivos","status":"publish","type":"page","link":"https:\/\/rpi-lacharmee.fr\/?page_id=70858","title":{"rendered":"SIVOS  ccScc"},"content":{"rendered":"<p><strong><span style=\"color: #ff0000; font-size: 14pt;\">Les informations concernant le SIVOS ou la \u00ab\u00a0Com Com ccScc\u00a0\u00bb sont dor\u00e9navant disponibles dans la <span style=\"text-decoration: underline;\">cat\u00e9gorie<\/span> \u00ab\u00a0SIVOS &#8211; ccScc\u00a0\u00bb<\/span><\/strong><\/p>\n<p>&nbsp;<\/p>\n<p>&nbsp;<\/p>\n<p>\u00c0 compter du mardi 14 janvier 2025, le p\u00f4le <strong>Service aux familles \u2013 Enfance Jeunesse <\/strong>de la CC Sud C\u00f4te Chalonnaise ouvre un nouveau lieu d\u2019\u00e9coute, de rencontre et de partage pour les parents et les enfants. Il s\u2019agit du <strong>Lieu d\u2019Accueil Enfants Parents \u00ab\u00a0<em>La Parenth\u00e8se\u00a0\u00bb. <\/em><\/strong><\/p>\n<p>Un LAEP est un <strong>espace convivial<\/strong> qui accueille de jeunes enfants, \u00e2g\u00e9s de moins de 4 ans, accompagn\u00e9s de leur(s) parent(s) ou proches, une matin\u00e9e par semaine pendant la p\u00e9riode scolaire. Cette structure, adapt\u00e9e \u00e0 l&rsquo;accueil des tout-petits, constitue un espace de jeu libre pour les enfants et un lieu de parole pour les parents.<\/p>\n<p>Sur place, <strong>des accueillants<\/strong> sont form\u00e9s pour \u00eatre \u00e0 l\u2019\u00e9coute des familles.<\/p>\n<p><u>Deux lieux d\u2019accueil sont mis en place\u00a0:<\/u><\/p>\n<ul>\n<li>Maison de l\u2019Enfance \u00e0 <strong>Saint-Gengoux-le-National <\/strong>(rue Joly C\u0153ur)<\/li>\n<li>Relais Petite Enfance \u00e0 <strong>Buxy<\/strong> (3 rue Fontaine de Baranges)<\/li>\n<\/ul>\n<p>L\u2019accueil se fera <strong><u>tous les mardis<\/u><\/strong> (hors vacances scolaires), \u00e0 partir du 14 janvier, les semaines paires sur le site de Saint-Gengoux-le-National et les semaines impaires sur le site de Buxy (arriv\u00e9e libre de 9h \u00e0 11h30).<\/p>\n<p><a href=\"https:\/\/rpi-lacharmee.fr\/wp-content\/uploads\/2024\/12\/Flyer-LAEP-2025.pdf\">Flyer LAEP 2025<\/a><\/p>\n<p>&nbsp;<\/p>\n<p><span style=\"color: #000000;\"><span style=\"font-size: 12pt; color: #003366;\">Animations de No\u00ebl de la ccScc:<\/span><br \/>\n<a href=\"https:\/\/rpi-lacharmee.fr\/wp-content\/uploads\/2024\/12\/ANIMATIONS-DE-NOEL-3.pdf\">ANIMATIONS DE NOEL (3)<\/a> \u00a0 <a href=\"https:\/\/rpi-lacharmee.fr\/wp-content\/uploads\/2024\/12\/VACANCES-SCOLAIRES-NOEL-2024-VF.pdf\">VACANCES SCOLAIRES NOEL 2024 (VF)<\/a><\/span><\/p>\n<p>Propositions pour les vacances d&rsquo;automne: <a href=\"https:\/\/rpi-lacharmee.fr\/wp-content\/uploads\/2024\/10\/vacances-automne-sud-cote-chalonnaise.pdf\">vacances automne sud cote chalonnaise<\/a><\/p>\n<p><span style=\"color: #ff0000;\">Les services de la CC Sud C\u00f4te Chalonnaise vous informent des prochains \u00e9v\u00e9nements organis\u00e9s dans le cadre du Festival de la Pierre :<\/span><br \/>\n<span style=\"color: #ff0000;\">Le samedi 19 octobre 2024 \u00e0 Villeneuve-en-Montagne ;<\/span><br \/>\n<span style=\"color: #ff0000;\">Le dimanche 20 octobre 2024 \u00e0 Sercy ;<\/span><br \/>\n<span style=\"color: #ff0000;\">Le dimanche 27 octobre 2024 \u00e0 Bissy-sur-Fley.<br \/>\n<a href=\"https:\/\/rpi-lacharmee.fr\/wp-content\/uploads\/2024\/10\/2024-AFFICHE-FESTIVAL-PIERRE-BISSY-SUR-FLEY.pdf\">2024-AFFICHE-FESTIVAL-PIERRE BISSY SUR FLEY<\/a> <a href=\"https:\/\/rpi-lacharmee.fr\/wp-content\/uploads\/2024\/10\/2024-AFFICHE-FESTIVAL-PIERRE_SERCY.pdf\">2024-AFFICHE-FESTIVAL-PIERRE_SERCY<\/a> <a href=\"https:\/\/rpi-lacharmee.fr\/wp-content\/uploads\/2024\/10\/2024-AFFICHE-FESTIVAL-PIERRE_VILLENEUVE-EN-MONTAGNE.pdf\">2024-AFFICHE-FESTIVAL-PIERRE_VILLENEUVE EN MONTAGNE<\/a><br \/>\n<\/span><\/p>\n<p><span style=\"font-size: 12pt; color: #003366;\">Les services de la CC Sud C\u00f4te Chalonnaise vous proposent une conf\u00e9rence intitul\u00e9e:<\/span><\/p>\n<p><span style=\"font-size: 12pt; color: #003366;\"><strong><em>SOUFFRANCES DANS LA COUR D\u2019\u00c9COLE<\/em><\/strong><\/span><\/p>\n<p><span style=\"font-size: 12pt; color: #003366;\">Le <strong>jeudi 10 octobre<\/strong> 2024 <strong>\u00e0 20h<\/strong> au <strong>Coll\u00e8ge de Saint-Gengoux-le-National<\/strong> (rue Joly C\u0153ur).<\/span><br \/>\n<span style=\"font-size: 12pt; color: #003366;\">Anim\u00e9e par Emmanuelle PIQUET.<\/span><br \/>\n<span style=\"font-size: 12pt; color: #003366;\">L\u2019entr\u00e9e est libre, aucune inscription n\u2019est n\u00e9cessaire. \u00c9v\u00e9nement gratuit et ouvert \u00e0 tous.<\/span><br \/>\n<span style=\"font-size: 12pt; color: #003366;\">Un service de garderie sera propos\u00e9 sur place pour les enfants de plus de 3 ans (inscription obligatoire \u00e0 <\/span><u><span style=\"font-size: 12pt; color: #003366;\">secretariat@ccscc.fr)<\/span><br \/>\n<a href=\"https:\/\/rpi-lacharmee.fr\/wp-content\/uploads\/2024\/09\/Conference-Souffrances-dans-la-cour-decole-10-10-24.jpg\"><img loading=\"lazy\" decoding=\"async\" class=\"alignnone size-medium wp-image-75694\" src=\"https:\/\/rpi-lacharmee.fr\/wp-content\/uploads\/2024\/09\/Conference-Souffrances-dans-la-cour-decole-10-10-24-212x300.jpg\" alt=\"\" width=\"212\" height=\"300\" srcset=\"https:\/\/rpi-lacharmee.fr\/wp-content\/uploads\/2024\/09\/Conference-Souffrances-dans-la-cour-decole-10-10-24-212x300.jpg 212w, https:\/\/rpi-lacharmee.fr\/wp-content\/uploads\/2024\/09\/Conference-Souffrances-dans-la-cour-decole-10-10-24-724x1024.jpg 724w, https:\/\/rpi-lacharmee.fr\/wp-content\/uploads\/2024\/09\/Conference-Souffrances-dans-la-cour-decole-10-10-24-768x1086.jpg 768w, https:\/\/rpi-lacharmee.fr\/wp-content\/uploads\/2024\/09\/Conference-Souffrances-dans-la-cour-decole-10-10-24-600x849.jpg 600w, https:\/\/rpi-lacharmee.fr\/wp-content\/uploads\/2024\/09\/Conference-Souffrances-dans-la-cour-decole-10-10-24-1086x1536.jpg 1086w, https:\/\/rpi-lacharmee.fr\/wp-content\/uploads\/2024\/09\/Conference-Souffrances-dans-la-cour-decole-10-10-24-624x883.jpg 624w, https:\/\/rpi-lacharmee.fr\/wp-content\/uploads\/2024\/09\/Conference-Souffrances-dans-la-cour-decole-10-10-24-1320x1867.jpg 1320w, https:\/\/rpi-lacharmee.fr\/wp-content\/uploads\/2024\/09\/Conference-Souffrances-dans-la-cour-decole-10-10-24.jpg 1414w\" sizes=\"auto, (max-width: 212px) 100vw, 212px\" \/><\/a><br \/>\n<\/u><\/p>\n<p>&nbsp;<\/p>\n<p><strong><span style=\"font-size: 14pt; color: #ff0000;\">Rentr\u00e9e 2023:<\/span><\/strong><\/p>\n<p><span style=\"font-size: 14pt; color: #000080;\">Tarifs:<br \/>\nDroits d&rsquo;inscriptions: 12 \u20ac par famille \u00e0 r\u00e9gler sur la facture de septembre<br \/>\nCantine:<br \/>\nMaternelle (PS &#8211; MS &#8211; GS) : <em>repas sans entr\u00e9e , <\/em> 3,40 \u20ac<br \/>\nEl\u00e9mentaire (CP \u00e0 CM2) : <em>repas avec entr\u00e9e ,<\/em> 3,60 \u20ac<\/span><\/p>\n<p><span style=\"font-size: 14pt; color: #000080;\">Garderie:<\/span><br \/>\n<span style=\"font-size: 14pt; color: #000080;\">&#8211; <em>Forfait mensuel en illimit\u00e9, 30 \u20ac par enfant (gratuit pour le 3e enfant scolaris\u00e9 dans le RPI)<br \/>\n<\/em><span style=\"text-decoration: underline;\"><strong>ou<\/strong><\/span><em><br \/>\n&#8211; 1 \u20ac la demi-heure<\/em><\/span><\/p>\n<p><span style=\"font-size: 14pt; color: #000080;\">Fiche de renseignements de rentr\u00e9e SIVOS\u00a0 \u00ab\u00a0rentr\u00e9e 2023\u00a0\u00bb: <a style=\"color: #000080;\" href=\"https:\/\/rpi-lacharmee.fr\/wp-content\/uploads\/2023\/08\/fiche-renseignement-2023-2024.pdf\">fiche renseignement 2023-2024<\/a> (cette fiche sera distribu\u00e9e avec les documents de rentr\u00e9e)<\/span><\/p>\n<p><em><span style=\"color: #ff0000; font-size: 12pt;\">Renseignements compl\u00e9mentaires:\u00a0\u00a0 <a href=\"mailto:sivos.lacharmee@gmail.com\">sivos.lacharmee@gmail.com <\/a><\/span><br \/>\n<\/em><\/p>\n<p>&nbsp;<\/p>\n<p>&nbsp;<\/p>\n<p>Voici quelques photos du repas d&rsquo;Halloween \u00e0 l&rsquo;\u00e9cole de Saint Germain.<br \/>\nNos remerciements au personnel de la \u00ab\u00a0cantine &#8211; garderie\u00a0\u00bb , Jacqueline pour la d\u00e9coration et Catherine pour les photos.<\/p>\n<p><a href=\"https:\/\/rpi-lacharmee.fr\/wp-content\/uploads\/2022\/10\/image0.jpeg\"><img loading=\"lazy\" decoding=\"async\" class=\"alignnone size-medium wp-image-71368\" src=\"https:\/\/rpi-lacharmee.fr\/wp-content\/uploads\/2022\/10\/image0-300x225.jpeg\" alt=\"\" width=\"300\" height=\"225\" srcset=\"https:\/\/rpi-lacharmee.fr\/wp-content\/uploads\/2022\/10\/image0-300x225.jpeg 300w, https:\/\/rpi-lacharmee.fr\/wp-content\/uploads\/2022\/10\/image0-600x450.jpeg 600w, https:\/\/rpi-lacharmee.fr\/wp-content\/uploads\/2022\/10\/image0-624x468.jpeg 624w, https:\/\/rpi-lacharmee.fr\/wp-content\/uploads\/2022\/10\/image0.jpeg 640w\" sizes=\"auto, (max-width: 300px) 100vw, 300px\" \/><\/a><a href=\"https:\/\/rpi-lacharmee.fr\/wp-content\/uploads\/2022\/10\/image1.jpeg\"><img loading=\"lazy\" decoding=\"async\" class=\"alignnone size-medium wp-image-71369\" src=\"https:\/\/rpi-lacharmee.fr\/wp-content\/uploads\/2022\/10\/image1-300x225.jpeg\" alt=\"\" width=\"300\" height=\"225\" srcset=\"https:\/\/rpi-lacharmee.fr\/wp-content\/uploads\/2022\/10\/image1-300x225.jpeg 300w, https:\/\/rpi-lacharmee.fr\/wp-content\/uploads\/2022\/10\/image1-600x450.jpeg 600w, https:\/\/rpi-lacharmee.fr\/wp-content\/uploads\/2022\/10\/image1-624x468.jpeg 624w, https:\/\/rpi-lacharmee.fr\/wp-content\/uploads\/2022\/10\/image1.jpeg 640w\" sizes=\"auto, (max-width: 300px) 100vw, 300px\" \/><\/a><\/p>\n<p><a href=\"https:\/\/rpi-lacharmee.fr\/wp-content\/uploads\/2022\/10\/image2-rotated.jpeg\"><img loading=\"lazy\" decoding=\"async\" class=\"alignnone size-medium wp-image-71370\" src=\"https:\/\/rpi-lacharmee.fr\/wp-content\/uploads\/2022\/10\/image2-225x300.jpeg\" alt=\"\" width=\"225\" height=\"300\" srcset=\"https:\/\/rpi-lacharmee.fr\/wp-content\/uploads\/2022\/10\/image2-225x300.jpeg 225w, https:\/\/rpi-lacharmee.fr\/wp-content\/uploads\/2022\/10\/image2-rotated.jpeg 480w\" sizes=\"auto, (max-width: 225px) 100vw, 225px\" \/><\/a> <a href=\"https:\/\/rpi-lacharmee.fr\/wp-content\/uploads\/2022\/10\/image3.jpeg\"><img loading=\"lazy\" decoding=\"async\" class=\"alignnone size-medium wp-image-71371\" src=\"https:\/\/rpi-lacharmee.fr\/wp-content\/uploads\/2022\/10\/image3-300x225.jpeg\" alt=\"\" width=\"300\" height=\"225\" srcset=\"https:\/\/rpi-lacharmee.fr\/wp-content\/uploads\/2022\/10\/image3-300x225.jpeg 300w, https:\/\/rpi-lacharmee.fr\/wp-content\/uploads\/2022\/10\/image3-600x450.jpeg 600w, https:\/\/rpi-lacharmee.fr\/wp-content\/uploads\/2022\/10\/image3-624x468.jpeg 624w, https:\/\/rpi-lacharmee.fr\/wp-content\/uploads\/2022\/10\/image3.jpeg 640w\" sizes=\"auto, (max-width: 300px) 100vw, 300px\" \/><\/a><\/p>\n<p><a href=\"https:\/\/rpi-lacharmee.fr\/wp-content\/uploads\/2022\/10\/image4.jpeg\"><img loading=\"lazy\" decoding=\"async\" class=\"alignnone wp-image-71372\" src=\"https:\/\/rpi-lacharmee.fr\/wp-content\/uploads\/2022\/10\/image4-300x225.jpeg\" alt=\"\" width=\"275\" height=\"206\" srcset=\"https:\/\/rpi-lacharmee.fr\/wp-content\/uploads\/2022\/10\/image4-300x225.jpeg 300w, https:\/\/rpi-lacharmee.fr\/wp-content\/uploads\/2022\/10\/image4-600x450.jpeg 600w, https:\/\/rpi-lacharmee.fr\/wp-content\/uploads\/2022\/10\/image4-624x468.jpeg 624w, https:\/\/rpi-lacharmee.fr\/wp-content\/uploads\/2022\/10\/image4.jpeg 640w\" sizes=\"auto, (max-width: 275px) 100vw, 275px\" \/><\/a> <a href=\"https:\/\/rpi-lacharmee.fr\/wp-content\/uploads\/2022\/10\/image5.jpeg\"><img loading=\"lazy\" decoding=\"async\" class=\"alignnone size-medium wp-image-71373\" src=\"https:\/\/rpi-lacharmee.fr\/wp-content\/uploads\/2022\/10\/image5-300x225.jpeg\" alt=\"\" width=\"300\" height=\"225\" srcset=\"https:\/\/rpi-lacharmee.fr\/wp-content\/uploads\/2022\/10\/image5-300x225.jpeg 300w, https:\/\/rpi-lacharmee.fr\/wp-content\/uploads\/2022\/10\/image5-600x450.jpeg 600w, https:\/\/rpi-lacharmee.fr\/wp-content\/uploads\/2022\/10\/image5-624x468.jpeg 624w, https:\/\/rpi-lacharmee.fr\/wp-content\/uploads\/2022\/10\/image5.jpeg 640w\" sizes=\"auto, (max-width: 300px) 100vw, 300px\" \/><\/a><\/p>\n<p><a href=\"https:\/\/rpi-lacharmee.fr\/wp-content\/uploads\/2022\/10\/image6.jpeg\"><img loading=\"lazy\" decoding=\"async\" class=\"alignnone wp-image-71376\" src=\"https:\/\/rpi-lacharmee.fr\/wp-content\/uploads\/2022\/10\/image6-300x225.jpeg\" alt=\"\" width=\"283\" height=\"212\" srcset=\"https:\/\/rpi-lacharmee.fr\/wp-content\/uploads\/2022\/10\/image6-300x225.jpeg 300w, https:\/\/rpi-lacharmee.fr\/wp-content\/uploads\/2022\/10\/image6-600x450.jpeg 600w, https:\/\/rpi-lacharmee.fr\/wp-content\/uploads\/2022\/10\/image6-624x468.jpeg 624w, https:\/\/rpi-lacharmee.fr\/wp-content\/uploads\/2022\/10\/image6.jpeg 640w\" sizes=\"auto, (max-width: 283px) 100vw, 283px\" \/><\/a> <a href=\"https:\/\/rpi-lacharmee.fr\/wp-content\/uploads\/2022\/10\/image7.jpeg\"><img loading=\"lazy\" decoding=\"async\" class=\"alignnone size-medium wp-image-71377\" src=\"https:\/\/rpi-lacharmee.fr\/wp-content\/uploads\/2022\/10\/image7-300x225.jpeg\" alt=\"\" width=\"300\" height=\"225\" srcset=\"https:\/\/rpi-lacharmee.fr\/wp-content\/uploads\/2022\/10\/image7-300x225.jpeg 300w, https:\/\/rpi-lacharmee.fr\/wp-content\/uploads\/2022\/10\/image7-600x450.jpeg 600w, https:\/\/rpi-lacharmee.fr\/wp-content\/uploads\/2022\/10\/image7-624x468.jpeg 624w, https:\/\/rpi-lacharmee.fr\/wp-content\/uploads\/2022\/10\/image7.jpeg 640w\" sizes=\"auto, (max-width: 300px) 100vw, 300px\" \/><\/a><\/p>\n<p><a href=\"https:\/\/rpi-lacharmee.fr\/wp-content\/uploads\/2022\/10\/image8.jpeg\"><img loading=\"lazy\" decoding=\"async\" class=\"alignnone wp-image-71378\" src=\"https:\/\/rpi-lacharmee.fr\/wp-content\/uploads\/2022\/10\/image8-300x225.jpeg\" alt=\"\" width=\"279\" height=\"209\" srcset=\"https:\/\/rpi-lacharmee.fr\/wp-content\/uploads\/2022\/10\/image8-300x225.jpeg 300w, https:\/\/rpi-lacharmee.fr\/wp-content\/uploads\/2022\/10\/image8-600x450.jpeg 600w, https:\/\/rpi-lacharmee.fr\/wp-content\/uploads\/2022\/10\/image8-624x468.jpeg 624w, https:\/\/rpi-lacharmee.fr\/wp-content\/uploads\/2022\/10\/image8.jpeg 640w\" sizes=\"auto, (max-width: 279px) 100vw, 279px\" \/><\/a> <a href=\"https:\/\/rpi-lacharmee.fr\/wp-content\/uploads\/2022\/10\/image9.jpeg\"><img loading=\"lazy\" decoding=\"async\" class=\"alignnone size-medium wp-image-71379\" src=\"https:\/\/rpi-lacharmee.fr\/wp-content\/uploads\/2022\/10\/image9-300x225.jpeg\" alt=\"\" width=\"300\" height=\"225\" srcset=\"https:\/\/rpi-lacharmee.fr\/wp-content\/uploads\/2022\/10\/image9-300x225.jpeg 300w, https:\/\/rpi-lacharmee.fr\/wp-content\/uploads\/2022\/10\/image9-600x450.jpeg 600w, https:\/\/rpi-lacharmee.fr\/wp-content\/uploads\/2022\/10\/image9-624x468.jpeg 624w, https:\/\/rpi-lacharmee.fr\/wp-content\/uploads\/2022\/10\/image9.jpeg 640w\" sizes=\"auto, (max-width: 300px) 100vw, 300px\" \/><\/a><\/p>\n<p>&nbsp;<\/p>\n<p>CONTACT SIVOS: <a href=\"mailto:sivos.lacharmee@gmail.com\">sivos.lacharmee@gmail.com <\/a><\/p>\n<p><strong><span style=\"color: #ff0000;\">Il est\u00a0 possible de proc\u00e9der aux inscriptions pour la cantine, notamment pour le 1er septembre, sur le site de ROPACH<\/span><\/strong>. <a href=\"https:\/\/www.ropach.com\/\">ROPACH<\/a><\/p>\n<p><span style=\"font-size: 12pt;\">Voici les documents SIVOS qui seront transmis \u00e0 la rentr\u00e9e:<\/span><\/p>\n<p><a href=\"https:\/\/rpi-lacharmee.fr\/wp-content\/uploads\/2022\/07\/Sivos-rentree-2022.pdf\">Sivos rentr\u00e9e 2022<\/a><\/p>\n<p><a href=\"https:\/\/rpi-lacharmee.fr\/wp-content\/uploads\/2022\/07\/Reglement-interieur-cantine.pdf\">R\u00e8glement int\u00e9rieur cantine<\/a><\/p>\n<p><a href=\"https:\/\/rpi-lacharmee.fr\/wp-content\/uploads\/2022\/08\/Reglement-Garderie-Aout-22.pdf\">R\u00e8glement Garderie Ao\u00fbt 22<\/a><\/p>\n<p><span style=\"color: #ff0000;\">Rappels:<\/span><br \/>\n<span style=\"color: #ff0000;\">En cas de fermeture exceptionnelle d&rsquo;une garderie, les enfants doivent \u00eatre d\u00e9pos\u00e9s dans une autre garderie.<\/span><br \/>\n<span style=\"color: #ff0000;\">En cas d&#8217;emp\u00eachement du transport scolaire, les \u00e9l\u00e8ves sont d\u00e9pos\u00e9s dans leurs \u00e9coles respectives.<\/span><br \/>\n<a href=\"https:\/\/rpi-lacharmee.fr\/wp-content\/uploads\/2022\/07\/Renseignements-cantine-garderie-2.pdf\">Renseignements cantine garderie 2<\/a><\/p>\n<p><a href=\"https:\/\/rpi-lacharmee.fr\/wp-content\/uploads\/2022\/07\/Sivos-facturation.pdf\">Sivos facturation<\/a><\/p>\n<p>&nbsp;<\/p>\n\n","protected":false},"excerpt":{"rendered":"<p>Les informations concernant le SIVOS ou la \u00ab\u00a0Com Com ccScc\u00a0\u00bb sont dor\u00e9navant disponibles dans la cat\u00e9gorie \u00ab\u00a0SIVOS &#8211; ccScc\u00a0\u00bb &nbsp; &nbsp; \u00c0 compter du mardi 14 janvier 2025, le p\u00f4le [&hellip;]<\/p>\n","protected":false},"author":1,"featured_media":0,"parent":0,"menu_order":0,"comment_status":"closed","ping_status":"closed","template":"","meta":{"_acf_changed":false,"_mc_calendar":[],"footnotes":""},"class_list":["post-70858","page","type-page","status-publish","hentry"],"acf":[],"_links":{"self":[{"href":"https:\/\/rpi-lacharmee.fr\/index.php?rest_route=\/wp\/v2\/pages\/70858","targetHints":{"allow":["GET"]}}],"collection":[{"href":"https:\/\/rpi-lacharmee.fr\/index.php?rest_route=\/wp\/v2\/pages"}],"about":[{"href":"https:\/\/rpi-lacharmee.fr\/index.php?rest_route=\/wp\/v2\/types\/page"}],"author":[{"embeddable":true,"href":"https:\/\/rpi-lacharmee.fr\/index.php?rest_route=\/wp\/v2\/users\/1"}],"replies":[{"embeddable":true,"href":"https:\/\/rpi-lacharmee.fr\/index.php?rest_route=%2Fwp%2Fv2%2Fcomments&post=70858"}],"version-history":[{"count":33,"href":"https:\/\/rpi-lacharmee.fr\/index.php?rest_route=\/wp\/v2\/pages\/70858\/revisions"}],"predecessor-version":[{"id":76389,"href":"https:\/\/rpi-lacharmee.fr\/index.php?rest_route=\/wp\/v2\/pages\/70858\/revisions\/76389"}],"wp:attachment":[{"href":"https:\/\/rpi-lacharmee.fr\/index.php?rest_route=%2Fwp%2Fv2%2Fmedia&parent=70858"}],"curies":[{"name":"wp","href":"https:\/\/api.w.org\/{rel}","templated":true}]}}